{"id":1386,"date":"2025-06-16T22:30:17","date_gmt":"2025-06-16T20:30:17","guid":{"rendered":"https:\/\/iso.spdns.de\/?page_id=1386"},"modified":"2025-06-16T22:37:41","modified_gmt":"2025-06-16T20:37:41","slug":"voegel-der-peeneniederung","status":"publish","type":"page","link":"https:\/\/iso.spdns.de\/?page_id=1386","title":{"rendered":"V\u00f6gel der Peeneniederung"},"content":{"rendered":"\n<h2 class=\"wp-block-heading\"><\/h2>\n\n\n\n<ul class=\"wp-block-list\">\n<li><strong>Januar:<\/strong> GELEGENTLICH: Bl\u00e4ssgans, Eisvogel, Graureiher, Seeadler;<\/li>\n\n\n\n<li> H\u00c4UFIG: G\u00e4nses\u00e4ger, H\u00f6ckerschwan, Singschwan, Saatgans, Stockente.<\/li>\n\n\n\n<li><strong>Februar:<\/strong> GELEGENTLICH: Bl\u00e4ssgans, Eisvogel, Graureiher, Seeadler; <\/li>\n\n\n\n<li>H\u00c4UFIG: G\u00e4nses\u00e4ger, H\u00f6ckerschwan, Singschwan, Saatgans, Stockente.<\/li>\n\n\n\n<li><strong>M\u00e4rz:<\/strong> GELEGENTLICH: Bl\u00e4ssgans, Brandgans, Eisvogel, Gro\u00dfer Brachvogel, Graureiher, Kranich, Seeadler, Singschwan, Wei\u00dfstorch; <\/li>\n\n\n\n<li>H\u00c4UFIG: G\u00e4nses\u00e4ger, H\u00f6ckerschwan, Saatgans, Stockente, Kiebitz, Kormoran, Schwarzstorch (<em>sofern man beim Schwarzstorch \u00fcberhaupt von &#8222;h\u00e4ufig&#8220; sprechen kann<\/em>).<\/li>\n\n\n\n<li><strong>April:<\/strong> GELEGENTLICH: Bl\u00e4ssgans, Saatgans, Eisvogel, G\u00e4nses\u00e4ger, Graureiher, Kranich, H\u00f6ckerschwan, Seeadler, Wei\u00dfstorch; <\/li>\n\n\n\n<li>H\u00c4UFIG: Stockente, Brandgans, Gro\u00dfer Brachvogel, Kiebitz, Kormoran, Schafstelze, Schwarzstorch.<\/li>\n\n\n\n<li><strong>Mai:<\/strong> GELEGENTLICH: Eisvogel, Gro\u00dfer Brachvogel, G\u00e4nses\u00e4ger, Graureiher, Kranich, H\u00f6ckerschwan, Seeadler, Stockente, Kiebitz, Kormoran, Wei\u00dfstorch, Schwarzstorch; <\/li>\n\n\n\n<li>H\u00c4UFIG: Brandgans, Schafstelze, Trauerseeschwalbe.<\/li>\n\n\n\n<li><strong>Juni:<\/strong> GELEGENTLICH: Eisvogel, Gro\u00dfer Brachvogel, G\u00e4nses\u00e4ger, Graureiher, Kranich, H\u00f6ckerschwan, Seeadler, Stockente, Kiebitz, Kormoran, Brandgans, Wei\u00dfstorch, Schwarzstorch; <\/li>\n\n\n\n<li>H\u00c4UFIG: Schafstelze, Trauerseeschwalbe.<\/li>\n\n\n\n<li><strong>Juli:<\/strong> GELEGENTLICH: Eisvogel, G\u00e4nses\u00e4ger, Graureiher, Kranich, H\u00f6ckerschwan, Seeadler, Stockente, Brandgans, Kormoran; <\/li>\n\n\n\n<li>H\u00c4UFIG: Gro\u00dfer Brachvogel, Kiebitz, Schafstelze, Trauerseeschwalbe, Wei\u00dfstorch, Schwarzstorch.<\/li>\n\n\n\n<li><strong>August:<\/strong> GELEGENTLICH: Eisvogel, G\u00e4nses\u00e4ger, Graureiher, Kranich, H\u00f6ckerschwan, Seeadler, Stockente, Brandgans, Kormoran; <\/li>\n\n\n\n<li>H\u00c4UFIG: Gro\u00dfer Brachvogel, Kiebitz, Schafstelze, Trauerseeschwalbe, Wei\u00dfstorch, Schwarzstorch.<\/li>\n\n\n\n<li><strong>September:<\/strong> GELEGENTLICH: Bl\u00e4ssgans, Brandgans, Saatgans, Eisvogel, G\u00e4nses\u00e4ger, H\u00f6ckerschwan, Seeadler, Kormoran, Wei\u00dfstorch, Schwarzstorch; <\/li>\n\n\n\n<li>H\u00c4UFIG: Graureiher, Kranich, Stockente, Gro\u00dfer Brachvogel, Kiebitz, Schafstelze, Trauerseeschwalbe.<\/li>\n\n\n\n<li><strong>Oktober:<\/strong> GELEGENTLICH: Bl\u00e4ssgans, Brandgans, Saatgans, Eisvogel, G\u00e4nses\u00e4ger, H\u00f6ckerschwan, Seeadler; <\/li>\n\n\n\n<li>H\u00c4UFIG: Graureiher, Kranich, Stockente, Gro\u00dfer Brachvogel, Kiebitz, Kormoran, Trauerseeschwalbe.<\/li>\n\n\n\n<li><strong>November:<\/strong> GELEGENTLICH: Eisvogel, Seeadler, Singschwan, Silberreiher; <\/li>\n\n\n\n<li>H\u00c4UFIG: Bl\u00e4ssgans, Saatgans, G\u00e4nses\u00e4ger, Graureiher, H\u00f6ckerschwan, Stockente, Kiebitz, Kormoran.<\/li>\n\n\n\n<li><strong>Dezember:<\/strong> GELEGENTLICH: Eisvogel, Graureiher, Seeadler, Silberreiher; <\/li>\n\n\n\n<li>H\u00c4UFIG: Bl\u00e4ssgans, Saatgans, G\u00e4nses\u00e4ger, H\u00f6ckerschwan, Singschwan, Stockente.<\/li>\n<\/ul>\n","protected":false},"excerpt":{"rendered":"","protected":false},"author":1,"featured_media":0,"parent":0,"menu_order":0,"comment_status":"closed","ping_status":"closed","template":"","meta":{"footnotes":""},"class_list":["post-1386","page","type-page","status-publish","hentry"],"_links":{"self":[{"href":"https:\/\/iso.spdns.de\/index.php?rest_route=\/wp\/v2\/pages\/1386","targetHints":{"allow":["GET"]}}],"collection":[{"href":"https:\/\/iso.spdns.de\/index.php?rest_route=\/wp\/v2\/pages"}],"about":[{"href":"https:\/\/iso.spdns.de\/index.php?rest_route=\/wp\/v2\/types\/page"}],"author":[{"embeddable":true,"href":"https:\/\/iso.spdns.de\/index.php?rest_route=\/wp\/v2\/users\/1"}],"replies":[{"embeddable":true,"href":"https:\/\/iso.spdns.de\/index.php?rest_route=%2Fwp%2Fv2%2Fcomments&post=1386"}],"version-history":[{"count":2,"href":"https:\/\/iso.spdns.de\/index.php?rest_route=\/wp\/v2\/pages\/1386\/revisions"}],"predecessor-version":[{"id":1390,"href":"https:\/\/iso.spdns.de\/index.php?rest_route=\/wp\/v2\/pages\/1386\/revisions\/1390"}],"wp:attachment":[{"href":"https:\/\/iso.spdns.de\/index.php?rest_route=%2Fwp%2Fv2%2Fmedia&parent=1386"}],"curies":[{"name":"wp","href":"https:\/\/api.w.org\/{rel}","templated":true}]}}