{"id":613,"date":"2023-01-29T09:42:35","date_gmt":"2023-01-29T08:42:35","guid":{"rendered":"https:\/\/iso.spdns.de\/?page_id=613"},"modified":"2023-01-29T09:42:35","modified_gmt":"2023-01-29T08:42:35","slug":"schleifen-von-mikrotommessern","status":"publish","type":"page","link":"https:\/\/iso.spdns.de\/?page_id=613","title":{"rendered":"Schleifen von Mikrotommessern"},"content":{"rendered":"\n<h3 class=\"wp-block-heading\">\u2013 einfach und billig<\/h3>\n\n\n\n<figure class=\"wp-block-image\"><img decoding=\"async\" src=\"https:\/\/www.tmg-tuebingen.de\/wp-content\/uploads\/2022\/01\/Schleifen_von_Mikrotommessern_Vortrag_Wolfgang_Kurtz.jpg\" alt=\"\" class=\"wp-image-9745\" title=\"Schleifen von Mikrotommessern (Vortrag Wolfgang Kurtz)\"\/><\/figure>\n\n\n\n<p>Warum Mikrotommesser selber schleifen? Wolfgang Kurtz meinte beim T\u00fcbinger Mikroskopischen Stammtisch am 16. Januar 2022: Weil es preiswert ist und Freude macht. Mit einer Einmal-Investition von nur ca. 20 \u20ac ist man dazu in der Lage. Hier die Schritt-f\u00fcr-Schritt-Anleitung.<\/p>\n\n\n\n<p>Man schleift die flache Fl\u00e4che des Messers. Messer mit zus\u00e4tzlichen Kantenwinkel f\u00fcr histologische Schnitte bed\u00fcrfen besonderer Behandlung beim Schleifen. F\u00fcr Pflanzenschnitte ab ca. 20 \u03bcm gen\u00fcgt das Schleifen einer Seite vollkommen.<\/p>\n\n\n\n<figure class=\"wp-block-image\"><a href=\"https:\/\/www.tmg-tuebingen.de\/wp-content\/uploads\/2022\/01\/Schleifen_von_Mikrotommessern_Vortrag_Wolfgang_Kurtz_01.jpg\"><img decoding=\"async\" src=\"https:\/\/www.tmg-tuebingen.de\/wp-content\/uploads\/2022\/01\/Schleifen_von_Mikrotommessern_Vortrag_Wolfgang_Kurtz_01-705x508.jpg\" alt=\"\" class=\"wp-image-9739\" title=\"Schleifen von Mikrotommessern (Vortrag Wolfgang Kurtz)\"\/><\/a><\/figure>\n\n\n\n<figure class=\"wp-block-image\"><a href=\"https:\/\/www.tmg-tuebingen.de\/wp-content\/uploads\/2022\/01\/Schleifen_von_Mikrotommessern_Vortrag_Wolfgang_Kurtz_02.jpg\"><img decoding=\"async\" src=\"https:\/\/www.tmg-tuebingen.de\/wp-content\/uploads\/2022\/01\/Schleifen_von_Mikrotommessern_Vortrag_Wolfgang_Kurtz_02-705x508.jpg\" alt=\"\" class=\"wp-image-9740\" title=\"Schleifen von Mikrotommessern (Vortrag Wolfgang Kurtz)\"\/><\/a><\/figure>\n\n\n\n<figure class=\"wp-block-image\"><a href=\"https:\/\/www.tmg-tuebingen.de\/wp-content\/uploads\/2022\/01\/Schleifen_von_Mikrotommessern_Vortrag_Wolfgang_Kurtz_03.jpg\"><img decoding=\"async\" src=\"https:\/\/www.tmg-tuebingen.de\/wp-content\/uploads\/2022\/01\/Schleifen_von_Mikrotommessern_Vortrag_Wolfgang_Kurtz_03-705x508.jpg\" alt=\"\" class=\"wp-image-9741\" title=\"Schleifen von Mikrotommessern (Vortrag Wolfgang Kurtz)\"\/><\/a><\/figure>\n\n\n\n<figure class=\"wp-block-image\"><a href=\"https:\/\/www.tmg-tuebingen.de\/wp-content\/uploads\/2022\/01\/Schleifen_von_Mikrotommessern_Vortrag_Wolfgang_Kurtz_04.jpg\"><img decoding=\"async\" src=\"https:\/\/www.tmg-tuebingen.de\/wp-content\/uploads\/2022\/01\/Schleifen_von_Mikrotommessern_Vortrag_Wolfgang_Kurtz_04-705x508.jpg\" alt=\"\" class=\"wp-image-9742\" title=\"Schleifen von Mikrotommessern (Vortrag Wolfgang Kurtz)\"\/><\/a><\/figure>\n\n\n\n<figure class=\"wp-block-image\"><a href=\"https:\/\/www.tmg-tuebingen.de\/wp-content\/uploads\/2022\/01\/Schleifen_von_Mikrotommessern_Vortrag_Wolfgang_Kurtz_05.jpg\"><img decoding=\"async\" src=\"https:\/\/www.tmg-tuebingen.de\/wp-content\/uploads\/2022\/01\/Schleifen_von_Mikrotommessern_Vortrag_Wolfgang_Kurtz_05-705x508.jpg\" alt=\"\" class=\"wp-image-9743\" title=\"Schleifen von Mikrotommessern (Vortrag Wolfgang Kurtz)\"\/><\/a><\/figure>\n\n\n\n<figure class=\"wp-block-image\"><a href=\"https:\/\/www.tmg-tuebingen.de\/wp-content\/uploads\/2022\/01\/Schleifen_von_Mikrotommessern_Vortrag_Wolfgang_Kurtz_06.jpg\"><img decoding=\"async\" src=\"https:\/\/www.tmg-tuebingen.de\/wp-content\/uploads\/2022\/01\/Schleifen_von_Mikrotommessern_Vortrag_Wolfgang_Kurtz_06-705x508.jpg\" alt=\"\" class=\"wp-image-9744\" title=\"Schleifen von Mikrotommessern (Vortrag Wolfgang Kurtz)\"\/><\/a><\/figure>\n\n\n\n<figure class=\"wp-block-image\"><a href=\"https:\/\/www.tmg-tuebingen.de\/wp-content\/uploads\/2022\/01\/Schleifen_von_Mikrotommessern_Vortrag_Wolfgang_Kurtz_07.jpg\"><img decoding=\"async\" src=\"https:\/\/www.tmg-tuebingen.de\/wp-content\/uploads\/2022\/01\/Schleifen_von_Mikrotommessern_Vortrag_Wolfgang_Kurtz_07-705x508.jpg\" alt=\"\" class=\"wp-image-9732\" title=\"Schleifen von Mikrotommessern (Vortrag Wolfgang Kurtz)\"\/><\/a><\/figure>\n\n\n\n<figure class=\"wp-block-image\"><a href=\"https:\/\/www.tmg-tuebingen.de\/wp-content\/uploads\/2022\/01\/Schleifen_von_Mikrotommessern_Vortrag_Wolfgang_Kurtz_08.jpg\"><img decoding=\"async\" src=\"https:\/\/www.tmg-tuebingen.de\/wp-content\/uploads\/2022\/01\/Schleifen_von_Mikrotommessern_Vortrag_Wolfgang_Kurtz_08-705x508.jpg\" alt=\"\" class=\"wp-image-9733\" title=\"Schleifen von Mikrotommessern (Vortrag Wolfgang Kurtz)\"\/><\/a><\/figure>\n\n\n\n<figure class=\"wp-block-image\"><a href=\"https:\/\/www.tmg-tuebingen.de\/wp-content\/uploads\/2022\/01\/Schleifen_von_Mikrotommessern_Vortrag_Wolfgang_Kurtz_09.jpg\"><img decoding=\"async\" src=\"https:\/\/www.tmg-tuebingen.de\/wp-content\/uploads\/2022\/01\/Schleifen_von_Mikrotommessern_Vortrag_Wolfgang_Kurtz_09-705x508.jpg\" alt=\"\" class=\"wp-image-9734\" title=\"Schleifen von Mikrotommessern (Vortrag Wolfgang Kurtz)\"\/><\/a><\/figure>\n\n\n\n<figure class=\"wp-block-image\"><a href=\"https:\/\/www.tmg-tuebingen.de\/wp-content\/uploads\/2022\/01\/Schleifen_von_Mikrotommessern_Vortrag_Wolfgang_Kurtz_10.jpg\"><img decoding=\"async\" src=\"https:\/\/www.tmg-tuebingen.de\/wp-content\/uploads\/2022\/01\/Schleifen_von_Mikrotommessern_Vortrag_Wolfgang_Kurtz_10-705x508.jpg\" alt=\"\" class=\"wp-image-9735\" title=\"Schleifen von Mikrotommessern (Vortrag Wolfgang Kurtz)\"\/><\/a><\/figure>\n\n\n\n<figure class=\"wp-block-image\"><a href=\"https:\/\/www.tmg-tuebingen.de\/wp-content\/uploads\/2022\/01\/Schleifen_von_Mikrotommessern_Vortrag_Wolfgang_Kurtz_10a.jpg\"><img decoding=\"async\" src=\"https:\/\/www.tmg-tuebingen.de\/wp-content\/uploads\/2022\/01\/Schleifen_von_Mikrotommessern_Vortrag_Wolfgang_Kurtz_10a-705x508.jpg\" alt=\"\" class=\"wp-image-9766\" title=\"Schleifen von Mikrotommessern (Vortrag Wolfgang Kurtz)\"\/><\/a><\/figure>\n\n\n\n<figure class=\"wp-block-image\"><a href=\"https:\/\/www.tmg-tuebingen.de\/wp-content\/uploads\/2022\/01\/Schleifen_von_Mikrotommessern_Vortrag_Wolfgang_Kurtz_11.jpg\"><img decoding=\"async\" src=\"https:\/\/www.tmg-tuebingen.de\/wp-content\/uploads\/2022\/01\/Schleifen_von_Mikrotommessern_Vortrag_Wolfgang_Kurtz_11-705x508.jpg\" alt=\"\" class=\"wp-image-9736\" title=\"Schleifen von Mikrotommessern (Vortrag Wolfgang Kurtz)\"\/><\/a><\/figure>\n\n\n\n<figure class=\"wp-block-image\"><a href=\"https:\/\/www.tmg-tuebingen.de\/wp-content\/uploads\/2022\/01\/Schleifen_von_Mikrotommessern_Vortrag_Wolfgang_Kurtz_12.jpg\"><img decoding=\"async\" src=\"https:\/\/www.tmg-tuebingen.de\/wp-content\/uploads\/2022\/01\/Schleifen_von_Mikrotommessern_Vortrag_Wolfgang_Kurtz_12-705x508.jpg\" alt=\"\" class=\"wp-image-9737\" title=\"Schleifen von Mikrotommessern (Vortrag Wolfgang Kurtz)\"\/><\/a><\/figure>\n\n\n\n<figure class=\"wp-block-image\"><a href=\"https:\/\/www.tmg-tuebingen.de\/wp-content\/uploads\/2022\/01\/Schleifen_von_Mikrotommessern_Vortrag_Wolfgang_Kurtz_13.jpg\"><img decoding=\"async\" src=\"https:\/\/www.tmg-tuebingen.de\/wp-content\/uploads\/2022\/01\/Schleifen_von_Mikrotommessern_Vortrag_Wolfgang_Kurtz_13-705x508.jpg\" alt=\"\" class=\"wp-image-9738\" title=\"Schleifen von Mikrotommessern (Vortrag Wolfgang Kurtz)\"\/><\/a><\/figure>\n\n\n\n<p>\u00a9 2002 &#8211; 2022 T\u00fcbinger Mikroskopischen Gesellschaft e.V.<\/p>\n","protected":false},"excerpt":{"rendered":"<p>\u2013 einfach und billig Warum Mikrotommesser selber schleifen? Wolfgang Kurtz meinte beim T\u00fcbinger Mikroskopischen Stammtisch am 16. Januar 2022: Weil es preiswert ist und Freude macht. Mit einer Einmal-Investition von nur ca. 20 \u20ac ist man dazu in der Lage. Hier die Schritt-f\u00fcr-Schritt-Anleitung. Man schleift die flache Fl\u00e4che des Messers. [&#8230;]<\/p>\n","protected":false},"author":1,"featured_media":0,"parent":0,"menu_order":0,"comment_status":"closed","ping_status":"closed","template":"","meta":{"footnotes":""},"class_list":["post-613","page","type-page","status-publish","hentry"],"_links":{"self":[{"href":"https:\/\/iso.spdns.de\/index.php?rest_route=\/wp\/v2\/pages\/613","targetHints":{"allow":["GET"]}}],"collection":[{"href":"https:\/\/iso.spdns.de\/index.php?rest_route=\/wp\/v2\/pages"}],"about":[{"href":"https:\/\/iso.spdns.de\/index.php?rest_route=\/wp\/v2\/types\/page"}],"author":[{"embeddable":true,"href":"https:\/\/iso.spdns.de\/index.php?rest_route=\/wp\/v2\/users\/1"}],"replies":[{"embeddable":true,"href":"https:\/\/iso.spdns.de\/index.php?rest_route=%2Fwp%2Fv2%2Fcomments&post=613"}],"version-history":[{"count":2,"href":"https:\/\/iso.spdns.de\/index.php?rest_route=\/wp\/v2\/pages\/613\/revisions"}],"predecessor-version":[{"id":615,"href":"https:\/\/iso.spdns.de\/index.php?rest_route=\/wp\/v2\/pages\/613\/revisions\/615"}],"wp:attachment":[{"href":"https:\/\/iso.spdns.de\/index.php?rest_route=%2Fwp%2Fv2%2Fmedia&parent=613"}],"curies":[{"name":"wp","href":"https:\/\/api.w.org\/{rel}","templated":true}]}}

<h3 class="wp-block-heading">– einfach und billig</h3>



<figure class="wp-block-image"><img decoding="async" src="https://www.tmg-tuebingen.de/wp-content/uploads/2022/01/Schleifen_von_Mikrotommessern_Vortrag_Wolfgang_Kurtz.jpg" alt="" class="wp-image-9745" title="Schleifen von Mikrotommessern (Vortrag Wolfgang Kurtz)"/></figure>



<p>Warum Mikrotommesser selber schleifen? Wolfgang Kurtz meinte beim Tübinger Mikroskopischen Stammtisch am 16. Januar 2022: Weil es preiswert ist und Freude macht. Mit einer Einmal-Investition von nur ca. 20 € ist man dazu in der Lage. Hier die Schritt-für-Schritt-Anleitung.</p>



<p>Man schleift die flache Fläche des Messers. Messer mit zusätzlichen Kantenwinkel für histologische Schnitte bedürfen besonderer Behandlung beim Schleifen. Für Pflanzenschnitte ab ca. 20 μm genügt das Schleifen einer Seite vollkommen.</p>



<figure class="wp-block-image"><a href="https://www.tmg-tuebingen.de/wp-content/uploads/2022/01/Schleifen_von_Mikrotommessern_Vortrag_Wolfgang_Kurtz_01.jpg"><img decoding="async" src="https://www.tmg-tuebingen.de/wp-content/uploads/2022/01/Schleifen_von_Mikrotommessern_Vortrag_Wolfgang_Kurtz_01-705x508.jpg" alt="" class="wp-image-9739" title="Schleifen von Mikrotommessern (Vortrag Wolfgang Kurtz)"/></a></figure>



<figure class="wp-block-image"><a href="https://www.tmg-tuebingen.de/wp-content/uploads/2022/01/Schleifen_von_Mikrotommessern_Vortrag_Wolfgang_Kurtz_02.jpg"><img decoding="async" src="https://www.tmg-tuebingen.de/wp-content/uploads/2022/01/Schleifen_von_Mikrotommessern_Vortrag_Wolfgang_Kurtz_02-705x508.jpg" alt="" class="wp-image-9740" title="Schleifen von Mikrotommessern (Vortrag Wolfgang Kurtz)"/></a></figure>



<figure class="wp-block-image"><a href="https://www.tmg-tuebingen.de/wp-content/uploads/2022/01/Schleifen_von_Mikrotommessern_Vortrag_Wolfgang_Kurtz_03.jpg"><img decoding="async" src="https://www.tmg-tuebingen.de/wp-content/uploads/2022/01/Schleifen_von_Mikrotommessern_Vortrag_Wolfgang_Kurtz_03-705x508.jpg" alt="" class="wp-image-9741" title="Schleifen von Mikrotommessern (Vortrag Wolfgang Kurtz)"/></a></figure>



<figure class="wp-block-image"><a href="https://www.tmg-tuebingen.de/wp-content/uploads/2022/01/Schleifen_von_Mikrotommessern_Vortrag_Wolfgang_Kurtz_04.jpg"><img decoding="async" src="https://www.tmg-tuebingen.de/wp-content/uploads/2022/01/Schleifen_von_Mikrotommessern_Vortrag_Wolfgang_Kurtz_04-705x508.jpg" alt="" class="wp-image-9742" title="Schleifen von Mikrotommessern (Vortrag Wolfgang Kurtz)"/></a></figure>



<figure class="wp-block-image"><a href="https://www.tmg-tuebingen.de/wp-content/uploads/2022/01/Schleifen_von_Mikrotommessern_Vortrag_Wolfgang_Kurtz_05.jpg"><img decoding="async" src="https://www.tmg-tuebingen.de/wp-content/uploads/2022/01/Schleifen_von_Mikrotommessern_Vortrag_Wolfgang_Kurtz_05-705x508.jpg" alt="" class="wp-image-9743" title="Schleifen von Mikrotommessern (Vortrag Wolfgang Kurtz)"/></a></figure>



<figure class="wp-block-image"><a href="https://www.tmg-tuebingen.de/wp-content/uploads/2022/01/Schleifen_von_Mikrotommessern_Vortrag_Wolfgang_Kurtz_06.jpg"><img decoding="async" src="https://www.tmg-tuebingen.de/wp-content/uploads/2022/01/Schleifen_von_Mikrotommessern_Vortrag_Wolfgang_Kurtz_06-705x508.jpg" alt="" class="wp-image-9744" title="Schleifen von Mikrotommessern (Vortrag Wolfgang Kurtz)"/></a></figure>



<figure class="wp-block-image"><a href="https://www.tmg-tuebingen.de/wp-content/uploads/2022/01/Schleifen_von_Mikrotommessern_Vortrag_Wolfgang_Kurtz_07.jpg"><img decoding="async" src="https://www.tmg-tuebingen.de/wp-content/uploads/2022/01/Schleifen_von_Mikrotommessern_Vortrag_Wolfgang_Kurtz_07-705x508.jpg" alt="" class="wp-image-9732" title="Schleifen von Mikrotommessern (Vortrag Wolfgang Kurtz)"/></a></figure>



<figure class="wp-block-image"><a href="https://www.tmg-tuebingen.de/wp-content/uploads/2022/01/Schleifen_von_Mikrotommessern_Vortrag_Wolfgang_Kurtz_08.jpg"><img decoding="async" src="https://www.tmg-tuebingen.de/wp-content/uploads/2022/01/Schleifen_von_Mikrotommessern_Vortrag_Wolfgang_Kurtz_08-705x508.jpg" alt="" class="wp-image-9733" title="Schleifen von Mikrotommessern (Vortrag Wolfgang Kurtz)"/></a></figure>



<figure class="wp-block-image"><a href="https://www.tmg-tuebingen.de/wp-content/uploads/2022/01/Schleifen_von_Mikrotommessern_Vortrag_Wolfgang_Kurtz_09.jpg"><img decoding="async" src="https://www.tmg-tuebingen.de/wp-content/uploads/2022/01/Schleifen_von_Mikrotommessern_Vortrag_Wolfgang_Kurtz_09-705x508.jpg" alt="" class="wp-image-9734" title="Schleifen von Mikrotommessern (Vortrag Wolfgang Kurtz)"/></a></figure>



<figure class="wp-block-image"><a href="https://www.tmg-tuebingen.de/wp-content/uploads/2022/01/Schleifen_von_Mikrotommessern_Vortrag_Wolfgang_Kurtz_10.jpg"><img decoding="async" src="https://www.tmg-tuebingen.de/wp-content/uploads/2022/01/Schleifen_von_Mikrotommessern_Vortrag_Wolfgang_Kurtz_10-705x508.jpg" alt="" class="wp-image-9735" title="Schleifen von Mikrotommessern (Vortrag Wolfgang Kurtz)"/></a></figure>



<figure class="wp-block-image"><a href="https://www.tmg-tuebingen.de/wp-content/uploads/2022/01/Schleifen_von_Mikrotommessern_Vortrag_Wolfgang_Kurtz_10a.jpg"><img decoding="async" src="https://www.tmg-tuebingen.de/wp-content/uploads/2022/01/Schleifen_von_Mikrotommessern_Vortrag_Wolfgang_Kurtz_10a-705x508.jpg" alt="" class="wp-image-9766" title="Schleifen von Mikrotommessern (Vortrag Wolfgang Kurtz)"/></a></figure>



<figure class="wp-block-image"><a href="https://www.tmg-tuebingen.de/wp-content/uploads/2022/01/Schleifen_von_Mikrotommessern_Vortrag_Wolfgang_Kurtz_11.jpg"><img decoding="async" src="https://www.tmg-tuebingen.de/wp-content/uploads/2022/01/Schleifen_von_Mikrotommessern_Vortrag_Wolfgang_Kurtz_11-705x508.jpg" alt="" class="wp-image-9736" title="Schleifen von Mikrotommessern (Vortrag Wolfgang Kurtz)"/></a></figure>



<figure class="wp-block-image"><a href="https://www.tmg-tuebingen.de/wp-content/uploads/2022/01/Schleifen_von_Mikrotommessern_Vortrag_Wolfgang_Kurtz_12.jpg"><img decoding="async" src="https://www.tmg-tuebingen.de/wp-content/uploads/2022/01/Schleifen_von_Mikrotommessern_Vortrag_Wolfgang_Kurtz_12-705x508.jpg" alt="" class="wp-image-9737" title="Schleifen von Mikrotommessern (Vortrag Wolfgang Kurtz)"/></a></figure>



<figure class="wp-block-image"><a href="https://www.tmg-tuebingen.de/wp-content/uploads/2022/01/Schleifen_von_Mikrotommessern_Vortrag_Wolfgang_Kurtz_13.jpg"><img decoding="async" src="https://www.tmg-tuebingen.de/wp-content/uploads/2022/01/Schleifen_von_Mikrotommessern_Vortrag_Wolfgang_Kurtz_13-705x508.jpg" alt="" class="wp-image-9738" title="Schleifen von Mikrotommessern (Vortrag Wolfgang Kurtz)"/></a></figure>



<p>© 2002 &#8211; 2022 Tübinger Mikroskopischen Gesellschaft e.V.</p>

<p>– einfach und billig Warum Mikrotommesser selber schleifen? Wolfgang Kurtz meinte beim Tübinger Mikroskopischen Stammtisch am 16. Januar 2022: Weil es preiswert ist und Freude macht. Mit einer Einmal-Investition von nur ca. 20 € ist man dazu in der Lage. Hier die Schritt-für-Schritt-Anleitung. Man schleift die flache Fläche des Messers. [&#8230;]</p>
