{"id":621,"date":"2023-02-01T12:53:00","date_gmt":"2023-02-01T11:53:00","guid":{"rendered":"https:\/\/iso.spdns.de\/?page_id=621"},"modified":"2023-02-10T23:00:46","modified_gmt":"2023-02-10T22:00:46","slug":"ladestation-e-auto","status":"publish","type":"page","link":"https:\/\/iso.spdns.de\/?page_id=621","title":{"rendered":"Ladestation e-Auto"},"content":{"rendered":"\n<figure class=\"wp-block-image size-large\"><img loading=\"lazy\" decoding=\"async\" width=\"1024\" height=\"571\" src=\"https:\/\/iso.spdns.de\/wp-content\/uploads\/2023\/02\/grafik-9-1024x571.png\" alt=\"\" class=\"wp-image-804\" srcset=\"https:\/\/iso.spdns.de\/wp-content\/uploads\/2023\/02\/grafik-9-1024x571.png 1024w, https:\/\/iso.spdns.de\/wp-content\/uploads\/2023\/02\/grafik-9-300x167.png 300w, https:\/\/iso.spdns.de\/wp-content\/uploads\/2023\/02\/grafik-9-768x428.png 768w, https:\/\/iso.spdns.de\/wp-content\/uploads\/2023\/02\/grafik-9-1536x857.png 1536w, https:\/\/iso.spdns.de\/wp-content\/uploads\/2023\/02\/grafik-9.png 1605w\" sizes=\"auto, (max-width: 1024px) 100vw, 1024px\" \/><\/figure>\n\n\n\n<p><\/p>\n\n\n\n<p><strong>Informationssammlung f\u00fcr eine Ladestation im Garten:<\/strong><\/p>\n\n\n\n<p>Einen 16A Ladeziegel mit blauer CEE Steckdose als Ladestation. Am Haus ben\u00f6tig man eine mit 16A abgesicherte Steckdose z.B. BERKER 558001 CEE STECKDOSE 5POLIG 16A MIT<br>KLAPPDECKEL LICHTGRAU (~60\u20ac)<\/p>\n\n\n\n<p>&#8212;&#8212;&#8212;&#8212;&#8212;&#8212;&#8212;&#8212;&#8212;&#8212;&#8212;&#8212;<\/p>\n\n\n\n<p>Voltus GmbH Telefon: +49 (0)4 51 98903-0<br>Loog 7 Fax: +49 (0)4 51 98903-399<br>23611 Bad Schwartau www.voltus.de<br>Deutschland info@voltus.de<br>BERKER 558001 CEE STECKDOSE 5POLIG 16A MIT<br>KLAPPDECKEL LICHTGRAU<br>Art.: 1026741<br>EAN: 4011334333210<br>Type: Aufputz<br>Herstellernummer: 558001<br>Herstellertyp: 558001<br>Hersteller: BERKER<br>Beschreibung:<br>CEE Steckdose mit Leitungseinf\u00fchrungen und Schraubklemmen.<br>Technische Merkmale:<br>Nennspannung: 400 V AC<br>Frequenz: 50\/60 Hz<br>Nennstrom: 16 A<br>Leitungs-\u00d8: max. 18 mm<br>5-polig: 3 P + N + PE<br>Stellung Schutzkontakt: 6 h<br>Farbe: lichtgrau<br>&#8211; mit Leitungseinf\u00fchrung<br>&#8211; mit Schraubklemmen<br>Spezifikation:<br>RAL-Nummer: 7035<br>Farbe: grau<a href=\"http:\/\/www.voltus.de\/\"><\/a>Voltus GmbH Telefon: +49 (0)4 51 98903-0<br>Loog 7 Fax: +49 (0)4 51 98903-399<br>23611 Bad Schwartau www.voltus.de<br>Deutschland info@voltus.de<br>Hersteller: BERKER<a href=\"http:\/\/www.voltus.de\/\"><\/a><\/p>\n\n\n\n<p>&#8212;&#8212;&#8212;&#8212;&#8212;&#8212;&#8212;&#8212;&#8212;&#8212;&#8212;&#8212;<\/p>\n\n\n\n<p><a href=\"https:\/\/www.e-mobileo.de\/shop\/mobile-lader\/typ-2-lader\/\"><\/a><\/p>\n\n\n\n<p>-8{492db390d636cc71a8a94a3174f79f7133d0cac0871374361394ab1eff9cafae}<\/p>\n\n\n\n<p><a href=\"https:\/\/www.e-mobileo.de\/go-e-charger-gemini-flex_11kw_16a\/#product-zoom\"><\/a><\/p>\n\n\n\n<h1 class=\"wp-block-heading\">go-e Charger Gemini flex (11 kW | 16 A)<\/h1>\n\n\n\n<p><del>589,00&nbsp;\u20ac<\/del> <ins>539,00&nbsp;\u20ac<\/ins><\/p>\n\n\n\n<p>Der Gemini flex ist ein \u00e4u\u00dferst kompaktes und funktionales Ladeger\u00e4t zum Laden von E-Autos an CEE-Starkstrom und anderen Steckdosen (z. B. Schuko). Das Ladeger\u00e4t kann mit der mitgelieferten R\u00fcckplatte an die Wand montiert und zum Mitnehmen einfach wieder abgenommen werden. Die station\u00e4re Vorg\u00e4ngerversion HOMEfix wurde im <a href=\"https:\/\/www.e-mobileo.de\/wallbox-test-2022\/\" target=\"_blank\" rel=\"noreferrer noopener\">Wallbox-Test 2022 vom ADAC<\/a> sogar als Testsieger gek\u00fcrt. Der mobile Charger verf\u00fcgt \u00fcber umfangreiche Features, wie z. B. RFID, Stromz\u00e4hler, Handy-App, einstellbare Ladeleistung, API zum Laden mit Solar\/PV-Strom, Phasenumschaltung, WLAN u. v. m.<\/p>\n\n\n\n<p>Mit dem Gemini flex k\u00f6nnen alle g\u00e4ngigen E-Autos und Plug-in-Hybridfahrzeuge geladen werden. Aufgrund des integrierten DC-Schutzes ist keine Nachr\u00fcstung der Hauselektrik n\u00f6tig \u2013 das spart Zeit und Kosten. Dank Schutzart IP55 ist der Charger auch f\u00fcr den dauerhaften Einsatz im Freien\/Au\u00dfenbereich geeignet.<\/p>\n\n\n\n<p>Den Gemini flex gibt es auch in einer st\u00e4rkeren&nbsp;<a rel=\"noreferrer noopener\" href=\"https:\/\/www.e-mobileo.de\/tags\/go-e-charger-gemini-flex\/\" target=\"_blank\">Version mit 22 kW<\/a>&nbsp;und in einer <a rel=\"noreferrer noopener\" href=\"https:\/\/www.e-mobileo.de\/tags\/go-e-charger-gemini\/\" target=\"_blank\">station\u00e4ren Version als Wallbox<\/a>&nbsp;mit dem gleichen Funktionsumfang.<\/p>\n\n\n\n<p><strong>Abmessungen Ca. 15,5 x 26 x 11 cm<\/strong><\/p>\n\n\n\n<p><strong>Hinweis:<\/strong> Den Aktionspreis erhalten Sie durch Eingabe des Gutscheincodes <strong>emobileo50<\/strong> im Warenkorb. Rabatt g\u00fcltig bis 28.02.2023.<\/p>\n","protected":false},"excerpt":{"rendered":"<p>Informationssammlung f\u00fcr eine Ladestation im Garten: Einen 16A Ladeziegel mit blauer CEE Steckdose als Ladestation. Am Haus ben\u00f6tig man eine mit 16A abgesicherte Steckdose z.B. BERKER 558001 CEE STECKDOSE 5POLIG 16A MITKLAPPDECKEL LICHTGRAU (~60\u20ac) &#8212;&#8212;&#8212;&#8212;&#8212;&#8212;&#8212;&#8212;&#8212;&#8212;&#8212;&#8212; Voltus GmbH Telefon: +49 (0)4 51 98903-0Loog 7 Fax: +49 (0)4 51 98903-39923611 Bad Schwartau [&#8230;]<\/p>\n","protected":false},"author":1,"featured_media":0,"parent":0,"menu_order":0,"comment_status":"closed","ping_status":"closed","template":"","meta":{"footnotes":""},"class_list":["post-621","page","type-page","status-publish","hentry"],"_links":{"self":[{"href":"https:\/\/iso.spdns.de\/index.php?rest_route=\/wp\/v2\/pages\/621","targetHints":{"allow":["GET"]}}],"collection":[{"href":"https:\/\/iso.spdns.de\/index.php?rest_route=\/wp\/v2\/pages"}],"about":[{"href":"https:\/\/iso.spdns.de\/index.php?rest_route=\/wp\/v2\/types\/page"}],"author":[{"embeddable":true,"href":"https:\/\/iso.spdns.de\/index.php?rest_route=\/wp\/v2\/users\/1"}],"replies":[{"embeddable":true,"href":"https:\/\/iso.spdns.de\/index.php?rest_route=%2Fwp%2Fv2%2Fcomments&post=621"}],"version-history":[{"count":7,"href":"https:\/\/iso.spdns.de\/index.php?rest_route=\/wp\/v2\/pages\/621\/revisions"}],"predecessor-version":[{"id":805,"href":"https:\/\/iso.spdns.de\/index.php?rest_route=\/wp\/v2\/pages\/621\/revisions\/805"}],"wp:attachment":[{"href":"https:\/\/iso.spdns.de\/index.php?rest_route=%2Fwp%2Fv2%2Fmedia&parent=621"}],"curies":[{"name":"wp","href":"https:\/\/api.w.org\/{rel}","templated":true}]}}

<figure class="wp-block-image size-large"><img loading="lazy" decoding="async" width="1024" height="571" src="https://iso.spdns.de/wp-content/uploads/2023/02/grafik-9-1024x571.png" alt="" class="wp-image-804" srcset="https://iso.spdns.de/wp-content/uploads/2023/02/grafik-9-1024x571.png 1024w, https://iso.spdns.de/wp-content/uploads/2023/02/grafik-9-300x167.png 300w, https://iso.spdns.de/wp-content/uploads/2023/02/grafik-9-768x428.png 768w, https://iso.spdns.de/wp-content/uploads/2023/02/grafik-9-1536x857.png 1536w, https://iso.spdns.de/wp-content/uploads/2023/02/grafik-9.png 1605w" sizes="auto, (max-width: 1024px) 100vw, 1024px" /></figure>



<p></p>



<p><strong>Informationssammlung für eine Ladestation im Garten:</strong></p>



<p>Einen 16A Ladeziegel mit blauer CEE Steckdose als Ladestation. Am Haus benötig man eine mit 16A abgesicherte Steckdose z.B. BERKER 558001 CEE STECKDOSE 5POLIG 16A MIT<br>KLAPPDECKEL LICHTGRAU (~60€)</p>



<p>&#8212;&#8212;&#8212;&#8212;&#8212;&#8212;&#8212;&#8212;&#8212;&#8212;&#8212;&#8212;</p>



<p>Voltus GmbH Telefon: +49 (0)4 51 98903-0<br>Loog 7 Fax: +49 (0)4 51 98903-399<br>23611 Bad Schwartau www.voltus.de<br>Deutschland info@voltus.de<br>BERKER 558001 CEE STECKDOSE 5POLIG 16A MIT<br>KLAPPDECKEL LICHTGRAU<br>Art.: 1026741<br>EAN: 4011334333210<br>Type: Aufputz<br>Herstellernummer: 558001<br>Herstellertyp: 558001<br>Hersteller: BERKER<br>Beschreibung:<br>CEE Steckdose mit Leitungseinführungen und Schraubklemmen.<br>Technische Merkmale:<br>Nennspannung: 400 V AC<br>Frequenz: 50/60 Hz<br>Nennstrom: 16 A<br>Leitungs-Ø: max. 18 mm<br>5-polig: 3 P + N + PE<br>Stellung Schutzkontakt: 6 h<br>Farbe: lichtgrau<br>&#8211; mit Leitungseinführung<br>&#8211; mit Schraubklemmen<br>Spezifikation:<br>RAL-Nummer: 7035<br>Farbe: grau<a href="http://www.voltus.de/"></a>Voltus GmbH Telefon: +49 (0)4 51 98903-0<br>Loog 7 Fax: +49 (0)4 51 98903-399<br>23611 Bad Schwartau www.voltus.de<br>Deutschland info@voltus.de<br>Hersteller: BERKER<a href="http://www.voltus.de/"></a></p>



<p>&#8212;&#8212;&#8212;&#8212;&#8212;&#8212;&#8212;&#8212;&#8212;&#8212;&#8212;&#8212;</p>



<p><a href="https://www.e-mobileo.de/shop/mobile-lader/typ-2-lader/"></a></p>



<p>-8{492db390d636cc71a8a94a3174f79f7133d0cac0871374361394ab1eff9cafae}</p>



<p><a href="https://www.e-mobileo.de/go-e-charger-gemini-flex_11kw_16a/#product-zoom"></a></p>



<h1 class="wp-block-heading">go-e Charger Gemini flex (11 kW | 16 A)</h1>



<p><del>589,00&nbsp;€</del> <ins>539,00&nbsp;€</ins></p>



<p>Der Gemini flex ist ein äußerst kompaktes und funktionales Ladegerät zum Laden von E-Autos an CEE-Starkstrom und anderen Steckdosen (z. B. Schuko). Das Ladegerät kann mit der mitgelieferten Rückplatte an die Wand montiert und zum Mitnehmen einfach wieder abgenommen werden. Die stationäre Vorgängerversion HOMEfix wurde im <a href="https://www.e-mobileo.de/wallbox-test-2022/" target="_blank" rel="noreferrer noopener">Wallbox-Test 2022 vom ADAC</a> sogar als Testsieger gekürt. Der mobile Charger verfügt über umfangreiche Features, wie z. B. RFID, Stromzähler, Handy-App, einstellbare Ladeleistung, API zum Laden mit Solar/PV-Strom, Phasenumschaltung, WLAN u. v. m.</p>



<p>Mit dem Gemini flex können alle gängigen E-Autos und Plug-in-Hybridfahrzeuge geladen werden. Aufgrund des integrierten DC-Schutzes ist keine Nachrüstung der Hauselektrik nötig – das spart Zeit und Kosten. Dank Schutzart IP55 ist der Charger auch für den dauerhaften Einsatz im Freien/Außenbereich geeignet.</p>



<p>Den Gemini flex gibt es auch in einer stärkeren&nbsp;<a rel="noreferrer noopener" href="https://www.e-mobileo.de/tags/go-e-charger-gemini-flex/" target="_blank">Version mit 22 kW</a>&nbsp;und in einer <a rel="noreferrer noopener" href="https://www.e-mobileo.de/tags/go-e-charger-gemini/" target="_blank">stationären Version als Wallbox</a>&nbsp;mit dem gleichen Funktionsumfang.</p>



<p><strong>Abmessungen Ca. 15,5 x 26 x 11 cm</strong></p>



<p><strong>Hinweis:</strong> Den Aktionspreis erhalten Sie durch Eingabe des Gutscheincodes <strong>emobileo50</strong> im Warenkorb. Rabatt gültig bis 28.02.2023.</p>

<p>Informationssammlung für eine Ladestation im Garten: Einen 16A Ladeziegel mit blauer CEE Steckdose als Ladestation. Am Haus benötig man eine mit 16A abgesicherte Steckdose z.B. BERKER 558001 CEE STECKDOSE 5POLIG 16A MITKLAPPDECKEL LICHTGRAU (~60€) &#8212;&#8212;&#8212;&#8212;&#8212;&#8212;&#8212;&#8212;&#8212;&#8212;&#8212;&#8212; Voltus GmbH Telefon: +49 (0)4 51 98903-0Loog 7 Fax: +49 (0)4 51 98903-39923611 Bad Schwartau [&#8230;]</p>
