{"id":853,"date":"2023-02-26T22:00:04","date_gmt":"2023-02-26T21:00:04","guid":{"rendered":"https:\/\/iso.spdns.de\/?page_id=853"},"modified":"2023-03-01T22:20:26","modified_gmt":"2023-03-01T21:20:26","slug":"pv-ohne-dach","status":"publish","type":"page","link":"https:\/\/iso.spdns.de\/?page_id=853","title":{"rendered":"Solarmodule als Dachersatz"},"content":{"rendered":"\n<p>Muss unter Solarmodulen immer ein dichtes Dach sein?<\/p>\n\n\n\n<p>Nein. Die Module k\u00f6nnen auch auf einer Profilkonstruktion liegen, ohne dass ein Dach darunter ist. Die Unterkonstruktion muss nur die Wind- und Schneelasten aushalten. Sie k\u00f6nnen beispielsweise einen Teil der Terrasse mit Solarpaneelen \u00fcberdachen. Unter den Spalten zwischen den Paneelen k\u00f6nnen Sie dann mit einer U-f\u00f6rmigen Aluleiste das Wasser ableiten, das durch den Zwischenraum tropft. Auch f\u00fcr solche Installationen gibt es fertige Konstruktionen.<\/p>\n","protected":false},"excerpt":{"rendered":"<p>Muss unter Solarmodulen immer ein dichtes Dach sein? Nein. Die Module k\u00f6nnen auch auf einer Profilkonstruktion liegen, ohne dass ein Dach darunter ist. Die Unterkonstruktion muss nur die Wind- und Schneelasten aushalten. Sie k\u00f6nnen beispielsweise einen Teil der Terrasse mit Solarpaneelen \u00fcberdachen. Unter den Spalten zwischen den Paneelen k\u00f6nnen Sie [&#8230;]<\/p>\n","protected":false},"author":1,"featured_media":0,"parent":0,"menu_order":0,"comment_status":"closed","ping_status":"closed","template":"","meta":{"footnotes":""},"class_list":["post-853","page","type-page","status-publish","hentry"],"_links":{"self":[{"href":"https:\/\/iso.spdns.de\/index.php?rest_route=\/wp\/v2\/pages\/853","targetHints":{"allow":["GET"]}}],"collection":[{"href":"https:\/\/iso.spdns.de\/index.php?rest_route=\/wp\/v2\/pages"}],"about":[{"href":"https:\/\/iso.spdns.de\/index.php?rest_route=\/wp\/v2\/types\/page"}],"author":[{"embeddable":true,"href":"https:\/\/iso.spdns.de\/index.php?rest_route=\/wp\/v2\/users\/1"}],"replies":[{"embeddable":true,"href":"https:\/\/iso.spdns.de\/index.php?rest_route=%2Fwp%2Fv2%2Fcomments&post=853"}],"version-history":[{"count":3,"href":"https:\/\/iso.spdns.de\/index.php?rest_route=\/wp\/v2\/pages\/853\/revisions"}],"predecessor-version":[{"id":877,"href":"https:\/\/iso.spdns.de\/index.php?rest_route=\/wp\/v2\/pages\/853\/revisions\/877"}],"wp:attachment":[{"href":"https:\/\/iso.spdns.de\/index.php?rest_route=%2Fwp%2Fv2%2Fmedia&parent=853"}],"curies":[{"name":"wp","href":"https:\/\/api.w.org\/{rel}","templated":true}]}}