{"id":925,"date":"2023-04-21T07:44:28","date_gmt":"2023-04-21T05:44:28","guid":{"rendered":"https:\/\/iso.spdns.de\/?page_id=925"},"modified":"2023-04-21T07:44:28","modified_gmt":"2023-04-21T05:44:28","slug":"thinkpad-x260-tastatur-und-touchpad-probleme","status":"publish","type":"page","link":"https:\/\/iso.spdns.de\/?page_id=925","title":{"rendered":"Thinkpad X260 Tastatur und Touchpad Probleme"},"content":{"rendered":"\n<p>Ok, ich habe alle Treiber aktualisiert und das Ganze nochmal ein bisschen genauer beobachtet.<br>Mir ist aufgefallen, dass auch die Tastatur einfriert&#8230;.also friert Windows vllt. komplett ein. Allerdings ist beispielsweise noch nie ein YouTube Video eingefroren.<br>Das letzte Einfrieren kommt ungef\u00e4hr mit einem Fehler in den Protokollen hin (siehe Anhang).<br>Werde mal ein bisschen forschen, ob man das beheben kann. Komisch, dass es bei jeder Neuinstallation auftritt.<a rel=\"noreferrer noopener\" href=\"https:\/\/thinkpad-forum.de\/attachments\/protokoll-jpg.145182\/\" target=\"_blank\"><\/a><\/p>\n\n\n\n<p>Ist eine SSD oder eine HDD verbaut? Bei letzterem k\u00f6nnte die Auslastung mit 100{492db390d636cc71a8a94a3174f79f7133d0cac0871374361394ab1eff9cafae} solche Symptome zeigen.<\/p>\n\n\n\n<p>Der COM+-Fehler d\u00fcrfte damit nicht im Zusammenhang stehen. Ich tippe immer noch auf den UltraNav-Treiber.<br>Hast Du nur einen \u00e4lteren oder mehrere probiert?<\/p>\n\n\n\n<p>Die 60er Thinkpads hatten doch diese unselige Stromsparfunktion, welche den Bildschirm nur aktualisierte, wenn sich der Content \u00e4nderte.<br>Das klappt nat\u00fcrlich nicht und statt dessen erscheint es manchmal als ob das Ger\u00e4t kurz f\u00fcr wenige Sekunden h\u00e4ngen w\u00fcrde.<br>Das Problem hatte ich bei meinem Yoga 260er. Nach Deaktivierung der Funktion lief alles normal.<br><br>Schau mal in die Intel Graphik Einstellungen f\u00fcr Energie ob es dort eine Option namens Automatische Bildschirmaktualisierung gibt. Wenn ja, dann deaktiviere diese.<\/p>\n\n\n\n<h4 class=\"wp-block-heading\">Die automatische Bildschirmaktualisierung hab ich eben auf die Schnelle gefunden und direkt deaktiviert. Die UltraNav Treiber hab ich noch nicht ausprobiert. Wie deinstalliere ich den aktuellen? Unter Programme Deinstallieren ist er nicht aufgef\u00fchrt.<br><\/h4>\n\n\n\n<p>Im Ger\u00e4temanager.<\/p>\n\n\n\n<p>Also den Treiber hab ich einmal deinstalliert und die aktuellste Version aktualisiert. Zusammen mit der Deaktivierung der automatischen Bildschirmaktualisierung ist bis jetzt (Nutzung ca. 1h im Netz- und Akkubetrieb) noch kein Freeze aufgetreten. Sieht gut aus!<\/p>\n","protected":false},"excerpt":{"rendered":"<p>Ok, ich habe alle Treiber aktualisiert und das Ganze nochmal ein bisschen genauer beobachtet.Mir ist aufgefallen, dass auch die Tastatur einfriert&#8230;.also friert Windows vllt. komplett ein. Allerdings ist beispielsweise noch nie ein YouTube Video eingefroren.Das letzte Einfrieren kommt ungef\u00e4hr mit einem Fehler in den Protokollen hin (siehe Anhang).Werde mal ein [&#8230;]<\/p>\n","protected":false},"author":1,"featured_media":0,"parent":0,"menu_order":0,"comment_status":"closed","ping_status":"closed","template":"","meta":{"footnotes":""},"class_list":["post-925","page","type-page","status-publish","hentry"],"_links":{"self":[{"href":"https:\/\/iso.spdns.de\/index.php?rest_route=\/wp\/v2\/pages\/925","targetHints":{"allow":["GET"]}}],"collection":[{"href":"https:\/\/iso.spdns.de\/index.php?rest_route=\/wp\/v2\/pages"}],"about":[{"href":"https:\/\/iso.spdns.de\/index.php?rest_route=\/wp\/v2\/types\/page"}],"author":[{"embeddable":true,"href":"https:\/\/iso.spdns.de\/index.php?rest_route=\/wp\/v2\/users\/1"}],"replies":[{"embeddable":true,"href":"https:\/\/iso.spdns.de\/index.php?rest_route=%2Fwp%2Fv2%2Fcomments&post=925"}],"version-history":[{"count":1,"href":"https:\/\/iso.spdns.de\/index.php?rest_route=\/wp\/v2\/pages\/925\/revisions"}],"predecessor-version":[{"id":926,"href":"https:\/\/iso.spdns.de\/index.php?rest_route=\/wp\/v2\/pages\/925\/revisions\/926"}],"wp:attachment":[{"href":"https:\/\/iso.spdns.de\/index.php?rest_route=%2Fwp%2Fv2%2Fmedia&parent=925"}],"curies":[{"name":"wp","href":"https:\/\/api.w.org\/{rel}","templated":true}]}}